t - 2434. Let i be l(5). What is the highest common divisor of 308 and i?
77
Let s = 2426 + -2404. Suppose 3*t = -19 + 214. Let v = 98 - t. What is the greatest common factor of s and v?
11
Let k = 316 + -235. Suppose -16 = -5*c - 2*n, 6 = -5*c + 5*n + 1. Let b be 18/c - 2/6*0. What is the greatest common divisor of b and k?
9
Suppose u - 2*o = 1054, 0 = -89*o + 94*o - 15. Calculate the highest common factor of 100 and u.
20
Let b(w) = 2*w + 5. Let c be b(0). Suppose 2*y = -0*y - 2*k + 6, 0 = 2*y - c*k + 1. Suppose -y*o - 1 + 9 = 0. What is the highest common divisor of o and 44?
4
Let i be ((-21)/(-14) + -6)/(3/(-6)). Let o = i - -5. Calculate the greatest common factor of o and 4.
2
Let l = -1856 + 2136. Let j(q) = 2*q - 3. Let r be j(19). What is the highest common factor of r and l?
35
Let c = -11 - -46. Let n(b) = b**2 + 17*b - 77*b + 39*b - 18*b + 334. Let g be n(27). Calculate the greatest common divisor of g and c.
5
Let p(i) = 21*i + 250. Suppose -64 = -14*b + 90. Let j be p(b). What is the highest common divisor of 37 and j?
37
Let h be (1/(-3))/(29/348). Let o be (1608/h)/(-6) + -2. What is the greatest common factor of 5 and o?
5
Let k be (1700/2448 - 8/18)/((-4)/(-38512)). Calculate the highest common factor of k and 116.
29
Let f = -10131 - -10134. What is the greatest common factor of 11 and f?
1
Suppose u = -2*w + 5080, -u + 32*w + 5077 = 33*w. What is the greatest common divisor of 118 and u?
118
Suppose -3 = l + 5*o + 3, 2*l - 3*o - 14 = 0. Let y be (l - 6)/(-2*1/38). What is the highest common factor of y and 285?
19
Suppose 5*z = -l + 14, 4*l = z - 6*z + 11. Let x(s) = 2*s**3 - 57*s**2 + 31*s - 69. Let u be x(28). Calculate the greatest common divisor of z and u.
3
Let v = 25 - 17. Let z(a) = 30*a - 234. Let j be z(v). What is the highest common divisor of j and 81?
3
Suppose 5*f + 3*r = 27387, 3246*f = 3248*f + 3*r - 10953. What is the highest common factor of f and 66?
66
Let l(q) = -q**2 + 23*q + 18. Let a be l(23). Suppose -2*s = 10*s - 216. What is the highest common divisor of s and a?
18
Suppose l + 0*l = 8*l. Suppose 22*w - 1559 + 305 = l. Calculate the greatest common divisor of 266 and w.
19
Suppose -66*y = -71*y. Suppose 1940 = 5*s - 5*g, 5*s + 3*g - 2825 + 853 = y. Suppose 3*z - s = 301. What is the greatest common factor of z and 21?
21
Suppose -398*k - 60 = -404*k. Suppose -3*a - q = -26, 2*a - 14 - k = q. What is the greatest common divisor of 490 and a?
10
Suppose -3*r = -0*r + 2*l - 12, -4 = -r + 4*l. Let t(y) = y**3 + y**2 + 32. Let b be t(0). What is the greatest common divisor of r and b?
4
Suppose -6*f - 12 = -10*f. Suppose 2 = -n - 2*s, 5*n - 6 = f*s - 3. Suppose n = t - 95 - 145. What is the greatest common factor of 96 and t?
48
Let f = -3315 + 3328. Calculate the greatest common factor of f and 1703.
13
Let y be 2 - (-36)/(-6) - 92. Let j be (y/10)/(32/(-560)). Calculate the highest common divisor of 147 and j.
21
Suppose 3*q - 2*c = -18, 2*q = 6*q - c + 19. Let y = 5 + q. Let t be 2/1 - (-2 - -3). What is the highest common divisor of t and y?
1
Suppose 4*w + 5346 = 10*w - 3*w. What is the greatest common divisor of w and 1134?
162
Let j = 3135 - 3035. What is the greatest common factor of 25 and j?
25
Suppose 244*m - 194*m = 4000. Calculate the highest common divisor of 1960 and m.
40
Suppose 9*w - 24 = 21. Suppose w*l - 3*g = 57 + 588, -3*l = 2*g - 368. What is the highest common divisor of l and 18?
18
Let l(v) = v**2 + 8*v + 9. Let i be l(-3). Let w(a) = a**3 + 3*a**2 - 21*a - 3. Let z be w(i). What is the greatest common factor of z and 135?
15
Suppose -4670 = 15*q - 45710. Let f be 4 - (-456)/(-133) - q/(-14). Let t = 90 - 62. Calculate the greatest common factor of f and t.
28
Suppose -4 = -4*f, -2*b - 36*f + 37*f + 49 = 0. What is the highest common factor of b and 4325?
25
Let k(g) = -256*g - 2634. Let h be k(-16). What is the highest common factor of 136 and h?
34
Suppose 6*z = 18*z. Suppose -5*t + 5*y + 15 = z, -2*y + 3*y + 7 = 2*t. Let g be (1/3)/((-2)/(-936)*t). Calculate the greatest common factor of g and 429.
39
Let v be 23 + 0 + 0 + -3. Let a be ((-36)/v)/(-2*(-3)/(-80)). What is the greatest common divisor of a and 600?
24
Let v be -14*(-50)/(-60)*24144/(-56). What is the highest common divisor of v and 50?
10
Let x = 661 - 607. Suppose 0 = -57*h + x*h + 27. What is the greatest common divisor of h and 117?
9
Let n = 75 + -27. Suppose -8 = -n*v + 49*v. Let q be 16/(-4)*(-1 - (-12)/v). Calculate the greatest common factor of q and 10.
10
Let u = 12797 + -11373. Calculate the greatest common divisor of u and 32.
16
Let l be ((-5)/5 - 3)/((-1)/7). Let o be (2 - (2 + 3)) + 6356/l. What is the greatest common divisor of 32 and o?
32
Let j = 284 + -277. Let m = 5 + j. Calculate the greatest common factor of m and 15.
3
Let d = -76 + 85. Suppose -2*y + 0*y + 3*k = d, 3*k = -4*y + 27. Suppose -u = -j + 1, -5 = 5*u - 4*j - y. What is the highest common factor of u and 26?
2
Let y(w) = 2*w**2 + 33*w - 51. Suppose -151 = 12*z + 65. Let k be y(z). Suppose 0 = -2*i + 10, 50 = g + 5*i + 1. What is the highest common divisor of g and k?
3
Let u be ((-190)/57)/((-15)/594). Calculate the highest common divisor of u and 1408.
44
Suppose -65*r + 137*r - 57*r = 58830. What is the highest common factor of r and 74?
74
Suppose -5*i - 70 = -15*i. Suppose -i*y - 461 + 2463 = 0. Calculate the highest common factor of 22 and y.
22
Suppose -65*w - 50*w + 7836 - 1856 = 0. What is the highest common factor of w and 13676?
52
Suppose 38*o + 45*o + 60 = 89*o. Calculate the highest common factor of 17810 and o.
10
Let v(f) be the first derivative of f**2/2 + 18*f - 6. Let a be v(-12). Let n(l) = -l**3 - l**2. Let o be n(-3). What is the greatest common factor of o and a?
6
Suppose 110*o - 840 = 98*o. Suppose -2380 = o*n - 87*n. What is the highest common factor of n and 98?
14
Let s = -10 - -26. Let p(z) = 3*z**2 - 879*z - 4694. Let i be p(299). What is the greatest common divisor of i and s?
16
Let x be ((-1718)/(-7) - 0) + 76/133. Suppose -8*a + x = 6. What is the greatest common divisor of a and 130?
10
Suppose 2291 - 3119 - 3547 = -25*q. Calculate the greatest common factor of 7 and q.
7
Let x be (53/((-1590)/(-9996)))/((-4)/(-30)). Calculate the highest common factor of 204 and x.
51
Let p(k) = 98*k - 1297. Let u be p(20). What is the greatest common factor of 102 and u?
51
Let a(c) = 17*c**2 - 141*c + 540. Let u be a(4). Calculate the greatest common factor of 4774 and u.
62
Suppose 4415*v = 4421*v - 5166. Suppose 0 = -3*i - h + 126 - 4, 0 = -i - 2*h + 39. What is the highest common factor of v and i?
41
Suppose -9464 - 19609 = -3*p - 8688. What is the highest common divisor of p and 225?
45
Suppose 4384 - 4432 = -2*m. Calculate the greatest common divisor of m and 564.
12
Suppose y = 0, j - 3*y + 3 = -8. Let b = j + 26. Let r(g) = 19*g - 29. Let q be r(b). What is the greatest common divisor of q and 32?
32
Let g = 469 + -458. Suppose -c - 1 = -3*u, -c - 3*u + 8*u - g = 0. What is the greatest common divisor of 98 and c?
14
Suppose -79*k = -82*k + 6, 0 = 4*b - 5*k + 3666. Let q = -893 - b. Suppose -4*y + 17 = -151. What is the highest common divisor of y and q?
21
Let f = 27 + -24. Suppose -4*x - 4*j = -196, 20*j = f*x + 18*j - 162. Calculate the highest common factor of 104 and x.
52
Suppose 0 = -4*x - j + 88, 0 = 13*x - 14*x + 3*j + 48. What is the highest common factor of x and 6472?
8
Let g = -516 + 573. What is the greatest common factor of g and 1159?
19
Suppose 5*g + 4*m - 5 = -4, 2*m - 23 = 5*g. Let s be (190/(-30))/(1/g). Calculate the greatest common factor of 361 and s.
19
Suppose -3*d - 4*m = 20, -2*d - 2*m + 10 = -4*m. Suppose -5*r + 100 = 4*c, -4*r + d*r = -c + 4. Calculate the greatest common factor of 240 and c.
20
Let z = -53 - -91. Let x(j) = -j**3 - 11*j**2 - 13*j - 89. Let o be x(-13). Calculate the highest common divisor of z and o.
38
Let r = -1835 + 1950. Suppose 0*q - 2*q = -138. Calculate the greatest common factor of r and q.
23
Suppose -11*t - 48 = -23*t. Suppose 0*x - 3*x = t*h - 64, h - 22 = -x. Calculate the greatest common factor of x and 24.
24
Suppose 0 = -s - 5*n + 10, -15*n + 106 = 3*s - 19*n. Calculate the greatest common factor of 390 and s.
30
Let t(y) = 111*y + 